{"id":1175,"date":"2016-09-28T16:13:21","date_gmt":"2016-09-28T15:13:21","guid":{"rendered":"http:\/\/sponges-tahiti.ird.fr\/?page_id=1175"},"modified":"2025-10-24T16:16:32","modified_gmt":"2025-10-24T14:16:32","slug":"acknowlegment","status":"publish","type":"page","link":"https:\/\/sponges-tahiti.ird.fr\/?page_id=1175","title":{"rendered":"Acknowledgments"},"content":{"rendered":"<p><a href=\"http:\/\/sponges-tahiti.ird.fr\/wp-content\/uploads\/4e-couverture-2016-pdf-842px.jpg\" data-rel=\"lightbox-gallery-zyQuStXi\" data-rl_title=\"\" data-rl_caption=\"\" title=\"\"><img loading=\"lazy\" decoding=\"async\" class=\"aligncenter  wp-image-2333\" src=\"http:\/\/sponges-tahiti.ird.fr\/wp-content\/uploads\/Logos-remerciements-916x1024.jpg\" alt=\"\" width=\"553\" height=\"618\" srcset=\"https:\/\/sponges-tahiti.ird.fr\/wp-content\/uploads\/Logos-remerciements-916x1024.jpg 916w, https:\/\/sponges-tahiti.ird.fr\/wp-content\/uploads\/Logos-remerciements-537x600.jpg 537w, https:\/\/sponges-tahiti.ird.fr\/wp-content\/uploads\/Logos-remerciements-768x859.jpg 768w, https:\/\/sponges-tahiti.ird.fr\/wp-content\/uploads\/Logos-remerciements.jpg 1330w\" sizes=\"(max-width: 553px) 100vw, 553px\" \/><\/a><\/p>\r\n<p>We acknowledge, <a href=\"http:\/\/www.ird.fr\">IRD<\/a>, <a href=\"http:\/\/www.agence-nationale-recherche.fr\/\">ANR<\/a>, the government of French Polynesia, the French government, the <a href=\"http:\/\/www.observatoire-gops.org\/\">GOPS<\/a>, and <a href=\"https:\/\/www.flotteoceanographique.fr\/\" target=\"_blank\" rel=\"noopener\">the French Oceanographic Fleet<\/a> for their financial support.<\/p>\r\n<p><span id=\"result_box\" class=\"\" lang=\"en\"><span class=\"\">We are grateful<\/span><\/span> to the crews of the RV <em>Alis<\/em>,\u00a0<em>Braveheart<\/em>, <em>Claymore II<\/em> and <em>Golden Shadow<\/em>, for their on-field help.<\/p>\r\n<p>We thank Elise Coste from IRD&rsquo;s web design service.<\/p>\r\n<p>We acknowledge IRD&rsquo;s DDUNI service for the <span id=\"result_box\" class=\"short_text\" lang=\"en\"><span class=\"\">IT infrastructure<\/span><\/span>, and their assistance.<\/p>\r\n<p>We thank the \u00ab\u00a0Service de la Traduction et de l&rsquo;Interpr\u00e9tariat de la Polyn\u00e9sie fran\u00e7aise\u00a0\u00bb concerning the translation in Tahitian of the Introduction.<\/p>","protected":false},"excerpt":{"rendered":"We acknowledge, IRD, ANR, the government of French Polynesia, the French government, the GOPS, and the French Oceanographic Fleet for their financial support. We are grateful to the crews of the RV Alis,\u00a0Braveheart, Claymore II and Golden Shadow, for their on-field help. We thank Elise Coste from IRD&rsquo;s web design service. We acknowledge IRD&rsquo;s DDUNI &hellip; <a href=\"https:\/\/sponges-tahiti.ird.fr\/?page_id=1175\" class=\"more-link\">Continuer la lecture de <span class=\"screen-reader-text\">Acknowledgments<\/span><\/a>","protected":false},"author":3,"featured_media":0,"parent":0,"menu_order":0,"comment_status":"closed","ping_status":"closed","template":"","meta":{"footnotes":""},"class_list":["post-1175","page","type-page","status-publish","hentry"],"_links":{"self":[{"href":"https:\/\/sponges-tahiti.ird.fr\/index.php?rest_route=\/wp\/v2\/pages\/1175"}],"collection":[{"href":"https:\/\/sponges-tahiti.ird.fr\/index.php?rest_route=\/wp\/v2\/pages"}],"about":[{"href":"https:\/\/sponges-tahiti.ird.fr\/index.php?rest_route=\/wp\/v2\/types\/page"}],"author":[{"embeddable":true,"href":"https:\/\/sponges-tahiti.ird.fr\/index.php?rest_route=\/wp\/v2\/users\/3"}],"replies":[{"embeddable":true,"href":"https:\/\/sponges-tahiti.ird.fr\/index.php?rest_route=%2Fwp%2Fv2%2Fcomments&post=1175"}],"version-history":[{"count":20,"href":"https:\/\/sponges-tahiti.ird.fr\/index.php?rest_route=\/wp\/v2\/pages\/1175\/revisions"}],"predecessor-version":[{"id":2334,"href":"https:\/\/sponges-tahiti.ird.fr\/index.php?rest_route=\/wp\/v2\/pages\/1175\/revisions\/2334"}],"wp:attachment":[{"href":"https:\/\/sponges-tahiti.ird.fr\/index.php?rest_route=%2Fwp%2Fv2%2Fmedia&parent=1175"}],"curies":[{"name":"wp","href":"https:\/\/api.w.org\/{rel}","templated":true}]}}